{"id":196,"date":"2025-09-18T16:23:15","date_gmt":"2025-09-18T13:23:15","guid":{"rendered":"http:\/\/www.artesamarine.com\/?page_id=196"},"modified":"2026-03-17T17:26:23","modified_gmt":"2026-03-17T14:26:23","slug":"suzuki","status":"publish","type":"page","link":"http:\/\/www.artesamarine.com\/index.php\/suzuki\/","title":{"rendered":"Suzuki"},"content":{"rendered":"\n<div id=\"collapse-7\" class=\"collapse show active\" data-parent=\"#accordion\">\n<div class=\"container\">\n<div class=\"row justify-content-center pb-5\">\n<div class=\"col-6 col-lg-4 text-center mt-5\">\n<div class=\"d-flex justify-content-center h-auto pb-4\">\n<div class=\"d-flex align-items-center\">\n<p>&nbsp;<\/p>\n<p class=\"font-18 badge bg-red text-white mr-2\"><strong>YEN\u0130<\/strong><\/p>\n<p class=\"font-24 text-navy-blue\"><strong>140 BG &#8211; 115 BG<\/strong><\/p>\n<\/div>\n<\/div>\n<div><img loading=\"lazy\" decoding=\"async\" class=\"alignnone size-medium wp-image-374\" src=\"http:\/\/www.artesamarine.com\/wp-content\/uploads\/2026\/03\/df-140bg-115bg-300x225.png\" alt=\"\" width=\"300\" height=\"225\" srcset=\"http:\/\/www.artesamarine.com\/wp-content\/uploads\/2026\/03\/df-140bg-115bg-300x225.png 300w, http:\/\/www.artesamarine.com\/wp-content\/uploads\/2026\/03\/df-140bg-115bg.png 500w\" sizes=\"auto, (max-width: 300px) 100vw, 300px\" \/><\/div>\n<\/div>\n<div class=\"col-6 col-lg-4 text-center mt-5\">\n<div class=\"d-flex justify-content-center h-auto pb-4\">\n<div class=\"d-flex align-items-center\">\n<p>&nbsp;<\/p>\n<p class=\"font-24 text-navy-blue\"><strong>YEN\u0130<\/strong><\/p>\n<p class=\"font-24 text-navy-blue\"><strong>DF 150 A<\/strong><\/p>\n<p class=\"font-24 text-navy-blue\"><img loading=\"lazy\" decoding=\"async\" class=\"alignnone size-medium wp-image-375\" src=\"http:\/\/www.artesamarine.com\/wp-content\/uploads\/2026\/03\/df-150a-300x225.png\" alt=\"\" width=\"300\" height=\"225\" srcset=\"http:\/\/www.artesamarine.com\/wp-content\/uploads\/2026\/03\/df-150a-300x225.png 300w, http:\/\/www.artesamarine.com\/wp-content\/uploads\/2026\/03\/df-150a.png 500w\" sizes=\"auto, (max-width: 300px) 100vw, 300px\" \/><\/p>\n<\/div>\n<\/div>\n<\/div>\n<div class=\"col-6 col-lg-4 text-center mt-5\">\n<div class=\"d-flex justify-content-center h-auto pb-4\">\n<div class=\"d-flex align-items-center\">\n<p>&nbsp;<\/p>\n<p class=\"font-18 badge bg-red text-white mr-2\"><strong>YEN\u0130<\/strong><\/p>\n<p class=\"font-24 text-navy-blue\"><strong>DF 200 A<\/strong><\/p>\n<\/div>\n<\/div>\n<div><img loading=\"lazy\" decoding=\"async\" class=\"alignnone size-medium wp-image-376\" src=\"http:\/\/www.artesamarine.com\/wp-content\/uploads\/2026\/03\/df-200a-300x225.png\" alt=\"\" width=\"300\" height=\"225\" srcset=\"http:\/\/www.artesamarine.com\/wp-content\/uploads\/2026\/03\/df-200a-300x225.png 300w, http:\/\/www.artesamarine.com\/wp-content\/uploads\/2026\/03\/df-200a.png 500w\" sizes=\"auto, (max-width: 300px) 100vw, 300px\" \/><\/div>\n<\/div>\n<div class=\"col-6 col-lg-4 text-center mt-5\">\n<div class=\"d-flex justify-content-center h-auto pb-4\">\n<div class=\"d-flex align-items-center\">\n<p>&nbsp;<\/p>\n<p class=\"font-18 badge bg-red text-white mr-2\"><strong>YEN\u0130<\/strong><\/p>\n<p class=\"font-24 text-navy-blue\"><strong>DF 250 A<\/strong><\/p>\n<\/div>\n<\/div>\n<div><img loading=\"lazy\" decoding=\"async\" class=\"alignnone size-medium wp-image-377\" src=\"http:\/\/www.artesamarine.com\/wp-content\/uploads\/2026\/03\/df-250a-stealth-300x225.png\" alt=\"\" width=\"300\" height=\"225\" srcset=\"http:\/\/www.artesamarine.com\/wp-content\/uploads\/2026\/03\/df-250a-stealth-300x225.png 300w, http:\/\/www.artesamarine.com\/wp-content\/uploads\/2026\/03\/df-250a-stealth.png 500w\" sizes=\"auto, (max-width: 300px) 100vw, 300px\" \/><\/div>\n<\/div>\n<div class=\"col-6 col-lg-4 text-center mt-5\">\n<div class=\"d-flex justify-content-center h-auto pb-4\">\n<div class=\"d-flex align-items-center\">\n<p class=\"font-18 badge bg-red text-white mr-2\"><strong>YEN\u0130<\/strong><\/p>\n<p class=\"font-24 text-navy-blue\"><strong>DF 300 AP<\/strong><\/p>\n<\/div>\n<\/div>\n<div><img loading=\"lazy\" decoding=\"async\" class=\"alignnone size-medium wp-image-378\" src=\"http:\/\/www.artesamarine.com\/wp-content\/uploads\/2026\/03\/df-300ap-300x225.png\" alt=\"\" width=\"300\" height=\"225\" srcset=\"http:\/\/www.artesamarine.com\/wp-content\/uploads\/2026\/03\/df-300ap-300x225.png 300w, http:\/\/www.artesamarine.com\/wp-content\/uploads\/2026\/03\/df-300ap.png 500w\" sizes=\"auto, (max-width: 300px) 100vw, 300px\" \/><\/div>\n<\/div>\n<div class=\"col-6 col-lg-4 text-center mt-5\">\n<div class=\"d-flex justify-content-center h-auto pb-4\">\n<div class=\"d-flex align-items-center\">\n<p class=\"font-18 badge bg-red text-white mr-2\"><strong>YEN\u0130<\/strong><\/p>\n<p class=\"font-24 text-navy-blue\"><strong>DF 350 AMD<\/strong><\/p>\n<\/div>\n<\/div>\n<div><img loading=\"lazy\" decoding=\"async\" class=\"alignnone size-medium wp-image-379\" src=\"http:\/\/www.artesamarine.com\/wp-content\/uploads\/2026\/03\/df-350-amd-300x225.png\" alt=\"\" width=\"300\" height=\"225\" srcset=\"http:\/\/www.artesamarine.com\/wp-content\/uploads\/2026\/03\/df-350-amd-300x225.png 300w, http:\/\/www.artesamarine.com\/wp-content\/uploads\/2026\/03\/df-350-amd.png 500w\" sizes=\"auto, (max-width: 300px) 100vw, 300px\" \/><\/div>\n<\/div>\n<\/div>\n<\/div>\n<\/div>\n<div class=\"card-header d-flex cursor-pointer collapsed\" data-toggle=\"collapse\" data-target=\"#collapse-1\" aria-expanded=\"true\">\n<div class=\"col-12 bg-light py-3\">\n<p>&nbsp;<\/p>\n<p class=\"font-24 font-bold text-navy-blue\" style=\"text-align: center;\">\n<\/div>\n<\/div>\n<div id=\"collapse-1\" class=\"collapse active show\" data-parent=\"#accordion\">\n<div class=\"container\">\n<div class=\"row justify-content-center pb-5\">\n<div class=\"col-6 col-lg-4 text-center mt-5\">\n<div class=\"d-flex justify-content-center h-auto pb-4\">\n<p class=\"font-24 text-navy-blue\"><strong>DF 350 AMD<\/strong><\/p>\n<\/div>\n<div><img loading=\"lazy\" decoding=\"async\" class=\"alignnone size-medium wp-image-380\" src=\"http:\/\/www.artesamarine.com\/wp-content\/uploads\/2026\/03\/df-350-amd-1-300x225.png\" alt=\"\" width=\"300\" height=\"225\" srcset=\"http:\/\/www.artesamarine.com\/wp-content\/uploads\/2026\/03\/df-350-amd-1-300x225.png 300w, http:\/\/www.artesamarine.com\/wp-content\/uploads\/2026\/03\/df-350-amd-1.png 500w\" sizes=\"auto, (max-width: 300px) 100vw, 300px\" \/><\/div>\n<\/div>\n<div class=\"col-6 col-lg-4 text-center mt-5\">\n<div class=\"d-flex justify-content-center h-auto pb-4\">\n<p class=\"font-24 text-navy-blue\"><strong>DF 350 A<\/strong><\/p>\n<\/div>\n<div><img loading=\"lazy\" decoding=\"async\" class=\"alignnone size-medium wp-image-381\" src=\"http:\/\/www.artesamarine.com\/wp-content\/uploads\/2026\/03\/df-350a-300x225.png\" alt=\"\" width=\"300\" height=\"225\" srcset=\"http:\/\/www.artesamarine.com\/wp-content\/uploads\/2026\/03\/df-350a-300x225.png 300w, http:\/\/www.artesamarine.com\/wp-content\/uploads\/2026\/03\/df-350a.png 500w\" sizes=\"auto, (max-width: 300px) 100vw, 300px\" \/><\/div>\n<\/div>\n<div class=\"col-6 col-lg-4 text-center mt-5\">\n<div class=\"d-flex justify-content-center h-auto pb-4\">\n<p class=\"font-24 text-navy-blue\"><strong>DF 300B<\/strong><\/p>\n<\/div>\n<div><img loading=\"lazy\" decoding=\"async\" class=\"alignnone size-medium wp-image-382\" src=\"http:\/\/www.artesamarine.com\/wp-content\/uploads\/2026\/03\/df-300b-300x225.png\" alt=\"\" width=\"300\" height=\"225\" srcset=\"http:\/\/www.artesamarine.com\/wp-content\/uploads\/2026\/03\/df-300b-300x225.png 300w, http:\/\/www.artesamarine.com\/wp-content\/uploads\/2026\/03\/df-300b.png 500w\" sizes=\"auto, (max-width: 300px) 100vw, 300px\" \/><\/div>\n<\/div>\n<\/div>\n<\/div>\n<\/div>\n<div class=\"card-header d-flex cursor-pointer collapsed\" data-toggle=\"collapse\" data-target=\"#collapse-2\" aria-expanded=\"true\">\n<div class=\"col-12 bg-light py-3\">\n<p>&nbsp;<\/p>\n<p class=\"font-24 font-bold text-navy-blue\" style=\"text-align: center;\"><strong>200-300 HP V6 Performans<\/strong><\/p>\n<\/div>\n<\/div>\n<div id=\"collapse-2\" class=\"collapse active show\" data-parent=\"#accordion\">\n<div class=\"container\">\n<div class=\"row justify-content-center pb-5\">\n<div class=\"col-6 col-lg-4 text-center mt-5\">\n<div class=\"d-flex justify-content-center h-auto pb-4\">\n<p class=\"font-24 text-navy-blue\"><strong>DF 300 AP<\/strong><\/p>\n<\/div>\n<div><img loading=\"lazy\" decoding=\"async\" class=\"alignnone size-medium wp-image-383\" src=\"http:\/\/www.artesamarine.com\/wp-content\/uploads\/2026\/03\/df-300ap-stealth-300x225.png\" alt=\"\" width=\"300\" height=\"225\" srcset=\"http:\/\/www.artesamarine.com\/wp-content\/uploads\/2026\/03\/df-300ap-stealth-300x225.png 300w, http:\/\/www.artesamarine.com\/wp-content\/uploads\/2026\/03\/df-300ap-stealth.png 500w\" sizes=\"auto, (max-width: 300px) 100vw, 300px\" \/><\/div>\n<\/div>\n<div class=\"col-6 col-lg-4 text-center mt-5\">\n<div class=\"d-flex justify-content-center h-auto pb-4\">\n<p class=\"font-24 text-navy-blue\"><strong>DF 250 AP<\/strong><\/p>\n<\/div>\n<div><img loading=\"lazy\" decoding=\"async\" class=\"alignnone size-medium wp-image-384\" src=\"http:\/\/www.artesamarine.com\/wp-content\/uploads\/2026\/03\/df-250ap-300x225.png\" alt=\"\" width=\"300\" height=\"225\" srcset=\"http:\/\/www.artesamarine.com\/wp-content\/uploads\/2026\/03\/df-250ap-300x225.png 300w, http:\/\/www.artesamarine.com\/wp-content\/uploads\/2026\/03\/df-250ap.png 500w\" sizes=\"auto, (max-width: 300px) 100vw, 300px\" \/><\/div>\n<\/div>\n<div class=\"col-6 col-lg-4 text-center mt-5\">\n<div class=\"d-flex justify-content-center h-auto pb-4\">\n<p class=\"font-24 text-navy-blue\"><strong>DF 250 KURO<\/strong><\/p>\n<\/div>\n<div><img loading=\"lazy\" decoding=\"async\" class=\"alignnone size-medium wp-image-385\" src=\"http:\/\/www.artesamarine.com\/wp-content\/uploads\/2026\/03\/df-250-kuro-300x225.png\" alt=\"\" width=\"300\" height=\"225\" srcset=\"http:\/\/www.artesamarine.com\/wp-content\/uploads\/2026\/03\/df-250-kuro-300x225.png 300w, http:\/\/www.artesamarine.com\/wp-content\/uploads\/2026\/03\/df-250-kuro.png 500w\" sizes=\"auto, (max-width: 300px) 100vw, 300px\" \/><\/div>\n<\/div>\n<div class=\"col-6 col-lg-4 text-center mt-5\">\n<div class=\"d-flex justify-content-center h-auto pb-4\">\n<div class=\"d-flex align-items-center\">\n<p class=\"font-18 badge bg-red text-white mr-2\"><strong>YEN\u0130<\/strong><\/p>\n<p class=\"font-24 text-navy-blue\"><strong>DF 200 \/ DF 225 \/ DF 250<\/strong><\/p>\n<\/div>\n<\/div>\n<div><img loading=\"lazy\" decoding=\"async\" class=\"alignnone size-medium wp-image-386\" src=\"http:\/\/www.artesamarine.com\/wp-content\/uploads\/2026\/03\/df-200-df-250-300x225.png\" alt=\"\" width=\"300\" height=\"225\" srcset=\"http:\/\/www.artesamarine.com\/wp-content\/uploads\/2026\/03\/df-200-df-250-300x225.png 300w, http:\/\/www.artesamarine.com\/wp-content\/uploads\/2026\/03\/df-200-df-250.png 500w\" sizes=\"auto, (max-width: 300px) 100vw, 300px\" \/><\/div>\n<\/div>\n<\/div>\n<\/div>\n<\/div>\n<div class=\"card-header d-flex cursor-pointer collapsed\" data-toggle=\"collapse\" data-target=\"#collapse-3\" aria-expanded=\"true\">\n<div class=\"col-12 bg-light py-3\">\n<p>&nbsp;<\/p>\n<p class=\"font-24 font-bold text-navy-blue\" style=\"text-align: center;\"><strong>150-200 HP V4 Performans<\/strong><\/p>\n<\/div>\n<\/div>\n<div id=\"collapse-3\" class=\"collapse active show\" data-parent=\"#accordion\">\n<div class=\"container\">\n<div class=\"row justify-content-center pb-5\">\n<div class=\"col-6 col-lg-4 text-center mt-5\">\n<div class=\"d-flex justify-content-center h-auto pb-4\">\n<p class=\"font-24 text-navy-blue\"><strong>DF 200 AP<\/strong><\/p>\n<\/div>\n<div><img loading=\"lazy\" decoding=\"async\" class=\"alignnone size-medium wp-image-387\" src=\"http:\/\/www.artesamarine.com\/wp-content\/uploads\/2026\/03\/df-200ap-300x225.png\" alt=\"\" width=\"300\" height=\"225\" srcset=\"http:\/\/www.artesamarine.com\/wp-content\/uploads\/2026\/03\/df-200ap-300x225.png 300w, http:\/\/www.artesamarine.com\/wp-content\/uploads\/2026\/03\/df-200ap.png 500w\" sizes=\"auto, (max-width: 300px) 100vw, 300px\" \/><\/div>\n<\/div>\n<div class=\"col-6 col-lg-4 text-center mt-5\">\n<div class=\"d-flex justify-content-center h-auto pb-4\">\n<p class=\"font-24 text-navy-blue\"><strong>DF 200 A<\/strong><\/p>\n<\/div>\n<div><img loading=\"lazy\" decoding=\"async\" class=\"alignnone size-medium wp-image-388\" src=\"http:\/\/www.artesamarine.com\/wp-content\/uploads\/2026\/03\/df-200a-1-300x225.png\" alt=\"\" width=\"300\" height=\"225\" srcset=\"http:\/\/www.artesamarine.com\/wp-content\/uploads\/2026\/03\/df-200a-1-300x225.png 300w, http:\/\/www.artesamarine.com\/wp-content\/uploads\/2026\/03\/df-200a-1.png 500w\" sizes=\"auto, (max-width: 300px) 100vw, 300px\" \/><\/div>\n<\/div>\n<div class=\"col-6 col-lg-4 text-center mt-5\">\n<div class=\"d-flex justify-content-center h-auto pb-4\">\n<p class=\"font-24 text-navy-blue\"><strong>DF 150 AP<\/strong><\/p>\n<\/div>\n<div><img loading=\"lazy\" decoding=\"async\" class=\"alignnone size-medium wp-image-390\" src=\"http:\/\/www.artesamarine.com\/wp-content\/uploads\/2026\/03\/df-150ap-300x225.png\" alt=\"\" width=\"300\" height=\"225\" srcset=\"http:\/\/www.artesamarine.com\/wp-content\/uploads\/2026\/03\/df-150ap-300x225.png 300w, http:\/\/www.artesamarine.com\/wp-content\/uploads\/2026\/03\/df-150ap.png 500w\" sizes=\"auto, (max-width: 300px) 100vw, 300px\" \/><\/div>\n<\/div>\n<div class=\"col-6 col-lg-4 text-center mt-5\">\n<div class=\"d-flex justify-content-center h-auto pb-4\">\n<p class=\"font-24 text-navy-blue\"><strong>DF 150 A<\/strong><\/p>\n<\/div>\n<div><img loading=\"lazy\" decoding=\"async\" class=\"alignnone size-medium wp-image-391\" src=\"http:\/\/www.artesamarine.com\/wp-content\/uploads\/2026\/03\/df-150a-1-300x225.png\" alt=\"\" width=\"300\" height=\"225\" srcset=\"http:\/\/www.artesamarine.com\/wp-content\/uploads\/2026\/03\/df-150a-1-300x225.png 300w, http:\/\/www.artesamarine.com\/wp-content\/uploads\/2026\/03\/df-150a-1.png 500w\" sizes=\"auto, (max-width: 300px) 100vw, 300px\" \/><\/div>\n<\/div>\n<\/div>\n<\/div>\n<\/div>\n<div class=\"card-header d-flex cursor-pointer collapsed\" data-toggle=\"collapse\" data-target=\"#collapse-4\" aria-expanded=\"true\">\n<div class=\"col-12 bg-light py-3\">\n<p class=\"font-24 font-bold text-navy-blue\" style=\"text-align: center;\"><strong>70-140 HP Sport<\/strong><\/p>\n<\/div>\n<\/div>\n<div id=\"collapse-4\" class=\"collapse active show\" data-parent=\"#accordion\">\n<div class=\"container\">\n<div class=\"row justify-content-center pb-5\">\n<div class=\"col-6 col-lg-4 text-center mt-5\">\n<div class=\"d-flex justify-content-center h-auto pb-4\">\n<p class=\"font-24 text-navy-blue\"><strong>DF 140BG DBW \/ DF 115BG DBW<\/strong><\/p>\n<\/div>\n<div><img loading=\"lazy\" decoding=\"async\" class=\"alignnone size-medium wp-image-392\" src=\"http:\/\/www.artesamarine.com\/wp-content\/uploads\/2026\/03\/df-140bg-115bg-1-300x225.png\" alt=\"\" width=\"300\" height=\"225\" srcset=\"http:\/\/www.artesamarine.com\/wp-content\/uploads\/2026\/03\/df-140bg-115bg-1-300x225.png 300w, http:\/\/www.artesamarine.com\/wp-content\/uploads\/2026\/03\/df-140bg-115bg-1.png 500w\" sizes=\"auto, (max-width: 300px) 100vw, 300px\" \/><\/div>\n<\/div>\n<div class=\"col-6 col-lg-4 text-center mt-5\">\n<div class=\"d-flex justify-content-center h-auto pb-4\">\n<p class=\"font-24 text-navy-blue\"><strong>DF 140B \/ DF 115B<\/strong><\/p>\n<\/div>\n<div><img loading=\"lazy\" decoding=\"async\" class=\"alignnone size-medium wp-image-393\" src=\"http:\/\/www.artesamarine.com\/wp-content\/uploads\/2026\/03\/df-140b-115b-300x225.png\" alt=\"\" width=\"300\" height=\"225\" srcset=\"http:\/\/www.artesamarine.com\/wp-content\/uploads\/2026\/03\/df-140b-115b-300x225.png 300w, http:\/\/www.artesamarine.com\/wp-content\/uploads\/2026\/03\/df-140b-115b.png 500w\" sizes=\"auto, (max-width: 300px) 100vw, 300px\" \/><\/div>\n<\/div>\n<div class=\"col-6 col-lg-4 text-center mt-5\">\n<div class=\"d-flex justify-content-center h-auto pb-4\">\n<p class=\"font-24 text-navy-blue\"><strong>DF 100 B<\/strong><\/p>\n<\/div>\n<div><img loading=\"lazy\" decoding=\"async\" class=\"alignnone size-medium wp-image-394\" src=\"http:\/\/www.artesamarine.com\/wp-content\/uploads\/2026\/03\/df-100b-300x225.png\" alt=\"\" width=\"300\" height=\"225\" srcset=\"http:\/\/www.artesamarine.com\/wp-content\/uploads\/2026\/03\/df-100b-300x225.png 300w, http:\/\/www.artesamarine.com\/wp-content\/uploads\/2026\/03\/df-100b.png 500w\" sizes=\"auto, (max-width: 300px) 100vw, 300px\" \/><\/div>\n<\/div>\n<div class=\"col-6 col-lg-4 text-center mt-5\">\n<div class=\"d-flex justify-content-center h-auto pb-4\">\n<p class=\"font-24 text-navy-blue\"><strong>DF 70 A<\/strong><\/p>\n<\/div>\n<div><img loading=\"lazy\" decoding=\"async\" class=\"alignnone size-medium wp-image-409\" src=\"http:\/\/www.artesamarine.com\/wp-content\/uploads\/2026\/03\/df-70a-300x225.png\" alt=\"\" width=\"300\" height=\"225\" srcset=\"http:\/\/www.artesamarine.com\/wp-content\/uploads\/2026\/03\/df-70a-300x225.png 300w, http:\/\/www.artesamarine.com\/wp-content\/uploads\/2026\/03\/df-70a.png 500w\" sizes=\"auto, (max-width: 300px) 100vw, 300px\" \/><\/div>\n<\/div>\n<\/div>\n<\/div>\n<\/div>\n<div class=\"card-header d-flex cursor-pointer collapsed\" data-toggle=\"collapse\" data-target=\"#collapse-5\" aria-expanded=\"true\">\n<div class=\"col-12 bg-light py-3\">\n<p>&nbsp;<\/p>\n<p class=\"font-24 font-bold text-navy-blue\" style=\"text-align: center;\"><strong>25-60 HP Kompakt Sport<\/strong><\/p>\n<\/div>\n<\/div>\n<div id=\"collapse-5\" class=\"collapse active show\" data-parent=\"#accordion\">\n<div class=\"container\">\n<div class=\"row justify-content-center pb-5\">\n<div class=\"col-6 col-lg-4 text-center mt-5\">\n<div class=\"d-flex justify-content-center h-auto pb-4\">\n<p class=\"font-24 text-navy-blue\"><strong>DF 30 A<\/strong><\/p>\n<\/div>\n<div><img loading=\"lazy\" decoding=\"async\" class=\"alignnone size-medium wp-image-408\" src=\"http:\/\/www.artesamarine.com\/wp-content\/uploads\/2026\/03\/df-30a-300x225.png\" alt=\"\" width=\"300\" height=\"225\" srcset=\"http:\/\/www.artesamarine.com\/wp-content\/uploads\/2026\/03\/df-30a-300x225.png 300w, http:\/\/www.artesamarine.com\/wp-content\/uploads\/2026\/03\/df-30a.png 500w\" sizes=\"auto, (max-width: 300px) 100vw, 300px\" \/><\/div>\n<\/div>\n<div class=\"col-6 col-lg-4 text-center mt-5\">\n<div class=\"d-flex justify-content-center h-auto pb-4\">\n<p class=\"font-24 text-navy-blue\"><strong>DF 40 A<\/strong><\/p>\n<\/div>\n<div><img loading=\"lazy\" decoding=\"async\" class=\"alignnone size-medium wp-image-407\" src=\"http:\/\/www.artesamarine.com\/wp-content\/uploads\/2026\/03\/df-40a-300x225.png\" alt=\"\" width=\"300\" height=\"225\" srcset=\"http:\/\/www.artesamarine.com\/wp-content\/uploads\/2026\/03\/df-40a-300x225.png 300w, http:\/\/www.artesamarine.com\/wp-content\/uploads\/2026\/03\/df-40a.png 500w\" sizes=\"auto, (max-width: 300px) 100vw, 300px\" \/><\/div>\n<\/div>\n<div class=\"col-6 col-lg-4 text-center mt-5\">\n<div class=\"d-flex justify-content-center h-auto pb-4\">\n<p class=\"font-24 text-navy-blue\"><strong>DF 50 A<\/strong><\/p>\n<\/div>\n<div><img loading=\"lazy\" decoding=\"async\" class=\"alignnone size-medium wp-image-406\" src=\"http:\/\/www.artesamarine.com\/wp-content\/uploads\/2026\/03\/df-50a-300x225.png\" alt=\"\" width=\"300\" height=\"225\" srcset=\"http:\/\/www.artesamarine.com\/wp-content\/uploads\/2026\/03\/df-50a-300x225.png 300w, http:\/\/www.artesamarine.com\/wp-content\/uploads\/2026\/03\/df-50a.png 500w\" sizes=\"auto, (max-width: 300px) 100vw, 300px\" \/><\/div>\n<\/div>\n<div class=\"col-6 col-lg-4 text-center mt-5\">\n<div class=\"d-flex justify-content-center h-auto pb-4\">\n<p class=\"font-24 text-navy-blue\"><strong>DF 60 A<\/strong><\/p>\n<\/div>\n<div><img loading=\"lazy\" decoding=\"async\" class=\"alignnone size-medium wp-image-405\" src=\"http:\/\/www.artesamarine.com\/wp-content\/uploads\/2026\/03\/df-60a-300x225.png\" alt=\"\" width=\"300\" height=\"225\" srcset=\"http:\/\/www.artesamarine.com\/wp-content\/uploads\/2026\/03\/df-60a-300x225.png 300w, http:\/\/www.artesamarine.com\/wp-content\/uploads\/2026\/03\/df-60a.png 500w\" sizes=\"auto, (max-width: 300px) 100vw, 300px\" \/><\/div>\n<\/div>\n<\/div>\n<\/div>\n<\/div>\n<div class=\"card-header d-flex cursor-pointer collapsed\" data-toggle=\"collapse\" data-target=\"#collapse-6\" aria-expanded=\"true\">\n<div class=\"col-12 bg-light py-3\">\n<p>&nbsp;<\/p>\n<p class=\"font-24 font-bold text-navy-blue\" style=\"text-align: center;\"><strong>2-5 \u2013 20 HP Portatif<\/strong><\/p>\n<\/div>\n<\/div>\n<div id=\"collapse-6\" class=\"collapse active show\" data-parent=\"#accordion\">\n<div class=\"container\">\n<div class=\"row justify-content-center pb-5\">\n<div class=\"col-6 col-lg-4 text-center mt-5\">\n<div class=\"d-flex justify-content-center h-auto pb-4\">\n<p class=\"font-24 text-navy-blue\"><strong>DF 2,5<\/strong><\/p>\n<\/div>\n<div><img loading=\"lazy\" decoding=\"async\" class=\"alignnone size-medium wp-image-404\" src=\"http:\/\/www.artesamarine.com\/wp-content\/uploads\/2026\/03\/df-2-5-300x225.png\" alt=\"\" width=\"300\" height=\"225\" srcset=\"http:\/\/www.artesamarine.com\/wp-content\/uploads\/2026\/03\/df-2-5-300x225.png 300w, http:\/\/www.artesamarine.com\/wp-content\/uploads\/2026\/03\/df-2-5.png 500w\" sizes=\"auto, (max-width: 300px) 100vw, 300px\" \/><\/div>\n<\/div>\n<div class=\"col-6 col-lg-4 text-center mt-5\">\n<div class=\"d-flex justify-content-center h-auto pb-4\">\n<p class=\"font-24 text-navy-blue\"><strong>DF 6 A<\/strong><\/p>\n<\/div>\n<div><img loading=\"lazy\" decoding=\"async\" class=\"alignnone size-medium wp-image-403\" src=\"http:\/\/www.artesamarine.com\/wp-content\/uploads\/2026\/03\/df-6a-300x225.png\" alt=\"\" width=\"300\" height=\"225\" srcset=\"http:\/\/www.artesamarine.com\/wp-content\/uploads\/2026\/03\/df-6a-300x225.png 300w, http:\/\/www.artesamarine.com\/wp-content\/uploads\/2026\/03\/df-6a.png 500w\" sizes=\"auto, (max-width: 300px) 100vw, 300px\" \/><\/div>\n<\/div>\n<div class=\"col-6 col-lg-4 text-center mt-5\">\n<div class=\"d-flex justify-content-center h-auto pb-4\">\n<p class=\"font-24 text-navy-blue\"><strong>DF 9,9BS<\/strong><\/p>\n<\/div>\n<div>\u00a0<img loading=\"lazy\" decoding=\"async\" class=\"alignnone size-medium wp-image-402\" src=\"http:\/\/www.artesamarine.com\/wp-content\/uploads\/2026\/03\/df-9-9bs-300x225.png\" alt=\"\" width=\"300\" height=\"225\" srcset=\"http:\/\/www.artesamarine.com\/wp-content\/uploads\/2026\/03\/df-9-9bs-300x225.png 300w, http:\/\/www.artesamarine.com\/wp-content\/uploads\/2026\/03\/df-9-9bs.png 500w\" sizes=\"auto, (max-width: 300px) 100vw, 300px\" \/><\/div>\n<\/div>\n<div class=\"col-6 col-lg-4 text-center mt-5\">\n<div class=\"d-flex justify-content-center h-auto pb-4\">\n<p class=\"font-24 text-navy-blue\"><strong>DF 20 A<\/strong><\/p>\n<\/div>\n<div><img loading=\"lazy\" decoding=\"async\" class=\"alignnone size-medium wp-image-401\" src=\"http:\/\/www.artesamarine.com\/wp-content\/uploads\/2026\/03\/df-20a-300x225.png\" alt=\"\" width=\"300\" height=\"225\" srcset=\"http:\/\/www.artesamarine.com\/wp-content\/uploads\/2026\/03\/df-20a-300x225.png 300w, http:\/\/www.artesamarine.com\/wp-content\/uploads\/2026\/03\/df-20a.png 500w\" sizes=\"auto, (max-width: 300px) 100vw, 300px\" \/><\/div>\n<\/div>\n<\/div>\n<\/div>\n<\/div>\n","protected":false},"excerpt":{"rendered":"<p>&nbsp; YEN\u0130 140 BG &#8211; 115 BG &nbsp; YEN\u0130 DF 150 A &nbsp; YEN\u0130 DF 200 A &nbsp; YEN\u0130 DF 250 A YEN\u0130 DF 300 AP YEN\u0130 DF 350 AMD &nbsp; DF 350 AMD DF 350 A DF 300B &nbsp; &hellip; <a href=\"http:\/\/www.artesamarine.com\/index.php\/suzuki\/\">Devam\u0131<\/a><\/p>\n","protected":false},"author":1,"featured_media":0,"parent":0,"menu_order":0,"comment_status":"closed","ping_status":"closed","template":"","meta":{"footnotes":""},"class_list":["post-196","page","type-page","status-publish","hentry"],"_links":{"self":[{"href":"http:\/\/www.artesamarine.com\/index.php\/wp-json\/wp\/v2\/pages\/196","targetHints":{"allow":["GET"]}}],"collection":[{"href":"http:\/\/www.artesamarine.com\/index.php\/wp-json\/wp\/v2\/pages"}],"about":[{"href":"http:\/\/www.artesamarine.com\/index.php\/wp-json\/wp\/v2\/types\/page"}],"author":[{"embeddable":true,"href":"http:\/\/www.artesamarine.com\/index.php\/wp-json\/wp\/v2\/users\/1"}],"replies":[{"embeddable":true,"href":"http:\/\/www.artesamarine.com\/index.php\/wp-json\/wp\/v2\/comments?post=196"}],"version-history":[{"count":18,"href":"http:\/\/www.artesamarine.com\/index.php\/wp-json\/wp\/v2\/pages\/196\/revisions"}],"predecessor-version":[{"id":410,"href":"http:\/\/www.artesamarine.com\/index.php\/wp-json\/wp\/v2\/pages\/196\/revisions\/410"}],"wp:attachment":[{"href":"http:\/\/www.artesamarine.com\/index.php\/wp-json\/wp\/v2\/media?parent=196"}],"curies":[{"name":"wp","href":"https:\/\/api.w.org\/{rel}","templated":true}]}}